8 and i?
9
Let t be (0 - -1)/((520/(-117))/(-40))*19. What is the greatest common divisor of t and 3087?
9
Suppose -29*v + 32*v = 12. Let h be (18*v/(-16))/(1/(-20)). Calculate the highest common factor of h and 18.
18
Suppose 0 = 4*s + 12, 4*k + s = 527 - 514. Suppose 4*n - 6*n + 5*b + 9 = 0, -3*n = -b - 20. What is the greatest common factor of k and n?
1
Let z(v) = 41*v**2 + 30*v - 18. Let d be z(3). What is the greatest common divisor of 392 and d?
49
Let d(m) = -2*m**3 - 2*m**2 - 6*m - 12. Let k be d(7). Let h = -209 - k. What is the highest common divisor of h and 17?
17
Suppose 66*u - 52984 - 105614 = 0. Calculate the highest common factor of 356 and u.
89
Suppose -3*v - 3*g = -2*g + 19, 2*v + g + 12 = 0. Let l be 5 - -25 - ((-2)/(-2) + v). What is the highest common factor of l and 1116?
36
Let w = 249 - 327. Let c be (12/(-90)*w)/(6/45). What is the greatest common factor of c and 13?
13
Let o(c) = 4*c**3 + 3*c**2 - 3*c - 5. Let f be o(-3). Let j = 70 + f. Let d = j - -84. Calculate the greatest common divisor of 11 and d.
11
Suppose -11*u = -21*u + 40. Let o be 6/u*(-47)/((-658)/6300). What is the greatest common divisor of 25 and o?
25
Suppose 102*z = 84*z + 9144. What is the highest common factor of z and 1397?
127
Let j(t) = -3*t + 28. Let a be j(5). Suppose -a*b - 1224 = -11*b. Let y be (-72)/b - (1730/(-34) + 0). Calculate the greatest common divisor of y and 85.
17
Let g be 58/3*(0*(-18)/(-90) + 12). What is the greatest common factor of g and 45704?
232
Let t be 2/16*-28*(-4)/14. Let p(v) = 13*v**2 - 2*v + 1. Let l be p(t). Calculate the greatest common divisor of l and 312.
12
Suppose 5*c - j = j - 28, c = -5*j + 16. Let y be (2 + -34)/c*(-45)/(-4). Suppose -4*n = -7*n + 30. What is the highest common factor of y and n?
10
Suppose 3*d + o + 798 = 0, -2*d - 1064 = 2*d + 4*o. Let x = d - -301. Calculate the greatest common divisor of x and 35.
35
Let u be ((-609)/6)/(4/(-16)). Let k = 453 - u. What is the highest common divisor of 517 and k?
47
Suppose 22*o - 26*o = -8. Suppose z - o*t + 6*t - 543 = 0, 0 = z + 2*t - 547. Calculate the greatest common divisor of z and 19.
19
Let u(p) = 9*p - 3. Let h be u(6). Let x = -32120 - -32528. What is the highest common divisor of x and h?
51
Suppose 342 = -2*x + 5*x. Suppose -5*m + 15 = -5*z, 0 = -4*m - 4*z - 9 + 13. Let y be ((-56)/16 + m)*16/(-4). Calculate the highest common divisor of y and x.
6
Let t(s) = -53 - 25*s**2 - 19*s + 29 + 36*s**2. Let b be t(12). Calculate the greatest common factor of 36 and b.
36
Let u = 809 + -1582. Let g = 1153 + u. Calculate the greatest common factor of 152 and g.
76
Let c(x) be the first derivative of x**3/3 - 9*x**2 - 11*x + 12. Let u be c(19). Suppose k = u*k - 189. Calculate the highest common divisor of 27 and k.
27
Suppose 122*x - 8849 = -34*x + 6127. Calculate the greatest common factor of x and 18.
6
Suppose -5*c = 4*s - 483, 0 = -2*c - 13*s + 15*s + 186. Let a = -6 - -7. Let q be ((-6)/15)/(a/(-95)). Calculate the highest common factor of q and c.
19
Let q be 4/(2/9 + 1392/(-10152)). Calculate the highest common factor of q and 1739.
47
Let u(b) = 54*b**2 - 242*b + 1498. Let f be u(6). What is the greatest common factor of 10 and f?
10
Suppose 0 = 5*p + 15, 4*p - 22 + 119 = -j. Let z = j - -405. What is the highest common divisor of 10 and z?
10
Let g be 41/(10127/114)*39. Let o be 1/2 - (-242)/4. Let k be 5 + -4 + 1 + o. What is the highest common divisor of k and g?
9
Suppose -3627 - 491 = -71*d. What is the greatest common divisor of d and 5713?
29
Suppose -5*c - 2*n + 8800 = 0, -1441 + 6717 = 3*c + 2*n. Calculate the highest common factor of 4 and c.
2
Let v(f) = f**3 - 18*f**2 + 51*f - 154. Let m be v(17). Suppose -3*t + 2*l + 32 = 0, 0*t - 5*l - 60 = -5*t. What is the greatest common divisor of t and m?
8
Suppose 254*c = 308*c - 32886. What is the greatest common divisor of 840 and c?
21
Let c = -116 + 217. Suppose 4*j - 21 = 3*a - c, -j + 2*a = 25. Let w = j + 19. Calculate the greatest common divisor of 1 and w.
1
Let b = 318 + -321. Let v be (3 + -7 - b)*-5*3. Calculate the greatest common divisor of 375 and v.
15
Let h = -8725 + 8761. Let m(x) = x**3 - 3*x**2 - 5. Let j be m(4). Let b = j - 2. Calculate the greatest common factor of b and h.
9
Let m = -301 - -299. Let a(t) = -t**3 - 4*t**2 - 5*t - 2. Let c be a(-3). Let i be m*(-22)/c + 0. Calculate the greatest common factor of 55 and i.
11
Suppose 42*d + 19*d - 82*d + 36120 = 0. What is the greatest common factor of 200 and d?
40
Let t = 36313 + -35970. Calculate the greatest common divisor of 7 and t.
7
Suppose 0 = 4*u - 5*s - 50989, 5*u - 46910 = -4*s + 16775. Calculate the greatest common divisor of u and 93.
93
Suppose 3*i + 2*u = 4*u + 3182, -2*i + 7*u + 2110 = 0. Calculate the highest common factor of i and 90.
18
Let t = -12114 - -12803. Calculate the highest common divisor of t and 2173.
53
Let r(w) = -w**3 - 16*w**2 - 40*w + 57. Let d be r(-19). What is the greatest common divisor of d and 152?
76
Let g = -14489 - -14534. Let w = 6 - 9. Let b be (-227)/w - (-10)/(-15). What is the highest common factor of g and b?
15
Let d be (-26 - -8)/(2 - 158/76). What is the highest common factor of d and 348?
12
Suppose a + 0*a + 1250 = 3*r, -r + 440 = -5*a. Suppose -j + r = 4*p, -7 = j - 2. Calculate the greatest common divisor of p and 30.
15
Suppose 5*b - 2*z = 293 + 712, 0 = 4*b - z - 807. Suppose 43*u - b = 14*u. Calculate the highest common divisor of u and 49.
7
Suppose -2*o = 5*p - 60186, 11*p - 10*p + o = 12033. What is the highest common divisor of 210 and p?
70
Let d(a) = 32*a**2 + 3*a - 1. Let u(b) = -b + 22. Let l be u(19). Let h be (-17 - -20)*1/l. Let v be d(h). What is the highest common divisor of v and 34?
34
Suppose 0 = -x + 5*a + 45, 4*x - 175*a + 178*a = 249. What is the greatest common factor of 16620 and x?
60
Let t(s) = 16*s**2 - 19*s - 111. Let v be t(9). Calculate the greatest common factor of v and 234.
78
Let d(u) = 23*u**2 - 86*u - 1698. Let t be d(-19). What is the greatest common divisor of t and 77?
77
Suppose 4*z - 3977 = 5*n + 9616, -7*z - 5*n = -23719. What is the greatest common factor of z and 53?
53
Let q(p) = -12*p**3 - 5*p**2 - 9*p + 6. Let l(f) = f + 2. Let s(a) = -2*l(a) + q(a). Let x be s(-2). Calculate the greatest common divisor of x and 250.
50
Let w be 1355 + 12 - -18 - -19. Calculate the greatest common factor of 24 and w.
12
Let p(l) = -10234*l + 31427. Let x be p(3). Let a = 103 + -45. What is the greatest common divisor of a and x?
29
Let d be 10*-21*(9 - 11). Suppose -d = 3*c - 13*c. What is the greatest common divisor of c and 378?
42
Let c(d) = -4*d - 23. Let h be c(-10). Let f = 120 + -47. Let p = f - h. What is the highest common factor of p and 14?
14
Let z(h) = h**3 - 12*h**2 + 9*h + 24. Let d be z(11). Suppose j + d*w + 2*w - 36 = 0, 5*j - w - 138 = 0. Calculate the greatest common divisor of j and 84.
28
Let q be (990/(-4))/(-1)*-14*(-90)/175. What is the highest common divisor of q and 22?
22
Suppose 0 = 4*a - 4*z - 0*z - 8, a + 4*z = 7. Suppose 0 = -4*k - q + 24, 3*k + 0*q = 3*q + a. What is the greatest common divisor of k and 80?
5
Let g(l) = -3*l + 20. Let m = 484 - 481. Let i be g(m). Calculate the greatest common factor of 1 and i.
1
Let k = -12433 + 12470. What is the highest common factor of 10397 and k?
37
Let h be (-22)/(-187) - (-27)/(-306)*-10. Calculate the greatest common factor of h and 883.
1
Suppose -2*q = -6*a - 218, 2*q - 4*a - 228 = -8*a. Let g(f) = 2*f - 4. Let u be g(10). What is the highest common divisor of u and q?
16
Let k be 21/(-7)*(-28)/6. Suppose 4*v + 2*b + 335 = 47, 4*v + 4*b = -296. Let c = -28 - v. Calculate the greatest common factor of k and c.
14
Let f be 14/(-8) + (-1)/4. Let y be (-4)/f*(-21)/(-6). Calculate the highest common factor of y and 7.
7
Let f(m) = m**2 - 4*m + 4. Let x be f(5). Let t be (-1 - (-8)/6)/((-3)/7578). Let a = t + 1067. What is the highest common factor of a and x?
9
Let h be (4/(-14))/(4 + 33948/(-8484)). Suppose 214 = 5*g - 3*r - h, -g = r - 88. What is the highest common divisor of 10 and g?
5
Suppose 0 = 3*x + 2*v - 13, 4*x + 6*v = 9*v - 11. Suppose x = -3*p + 4, 2*p = 2*u - 950. Calculate the highest common divisor of u and 68.
68
Suppose -32*q = -29*q